12). Suppose -r*c - 42 = -2*s, -4*s = 3*c - 69 - 15. What is the units digit of s?
1
What is the hundreds digit of 3*(4/(-12)*-242 - 3)?
2
Suppose -u - 198 = -3*u. Suppose o + u = 4*o. What is the tens digit of ((1 + o)/2)/1?
1
Suppose -130 = d - 2*d - 4*a, -4*d + a + 537 = 0. What is the tens digit of d?
3
Suppose 5*j + 2 = 5*d + 32, -6 = -3*j - 3*d. Suppose j*i - 99 = 21. Suppose 0*w - 11 = -s - 2*w, 5*s + 5*w - i = 0. What is the units digit of s?
1
Let m = -3779 + 6961. What is the hundreds digit of m?
1
Suppose 4*o - 445 = -49. Let w = o - 52. Let u = 71 - w. What is the units digit of u?
4
Suppose -5184 = -3*k - 3*g + 8115, 5*k + 3*g - 22161 = 0. What is the hundreds digit of k?
4
Let c(n) = 3*n**3 - n**2 + 2*n + 8. What is the units digit of c(8)?
6
Let p(x) = x**2 - 3*x. Let v be p(3). Let z(h) = h - 1. Let r be z(v). What is the tens digit of (-1 - r) + 1 - -41?
4
Let x(w) be the second derivative of -w**3/6 + 17*w**2/2 + 3*w. Let p be x(14). Suppose -4*u = -5*u + p. What is the units digit of u?
3
Suppose 0 = 3*l - 91 + 19. Suppose -3*d + 45 = -l. Suppose -52 - d = -3*f. What is the units digit of f?
5
What is the hundreds digit of ((-18)/27)/(-2 - (-16392)/8199)?
9
Suppose 5*p + 70 = -k + 6*k, -3*k - 56 = 4*p. Let o = p + 16. What is the units digit of o?
2
Suppose 3*u + 22 = 2*t - 557, 3*t + 772 = -4*u. Let b = 277 + u. Suppose 6*s - b = 3*s. What is the tens digit of s?
2
Suppose -5*z - 3*z = -1216. Suppose -2*i = -4*i + z. What is the units digit of i?
6
Let o = 338 + -183. What is the units digit of o?
5
Suppose 3*h - 513 = -d, -5*h + 503 = d - 0*h. Suppose 21*j - d = 18*j. What is the tens digit of j?
7
Suppose -30*x - 178 = -31*x. What is the units digit of x?
8
Suppose -49*q - 36*q = -296055. What is the hundreds digit of q?
4
Let l(a) = 4*a**2 + a. Let m be l(-1). Suppose -d + 652 = m*c, 2*d - 390 = -2*c + 50. What is the hundreds digit of c?
2
Let r(x) = -x + 10. Let j = -11 + 21. Let a be r(j). Suppose 5*l - 5 - 25 = a. What is the units digit of l?
6
Let m(c) = -3*c + 1 + 6*c**3 + 0*c**3 - 5*c**3. Let q be m(2). Suppose -q*t + 18 = -39. What is the tens digit of t?
1
Let k = -152 - -223. Suppose 0 = -4*i + 3*g + k, -5*i + 3*g + 44 + 47 = 0. Suppose 0 = -4*b + i + 8. What is the units digit of b?
7
Suppose -44 = -2*n + s, 3*n - 4*s - 77 + 16 = 0. Let o be (-4)/18 - (-102)/(-27). Let j = n - o. What is the units digit of j?
7
Suppose 0 = 4*y - i - 2843, -25*i - 2151 = -3*y - 28*i. What is the tens digit of y?
1
Let j = -975 + 2175. What is the tens digit of j?
0
Let p be ((-108)/14)/((-5)/35). Let s be (-4)/18 - (-1740)/p. Let j = s + -13. What is the tens digit of j?
1
Suppose 1141 = 3*y + 11*w - 9*w, -3*y - 5*w = -1156. What is the units digit of y?
7
What is the hundreds digit of (-4 - 25/(-10))/(1/(-98))?
1
Suppose 25 = 4*v + 2*a - 1, 2*v + 2*a = 14. Suppose -3*p = -0 - v, -2*h + 14 = 2*p. Suppose 2*c = -2*j + 92, -h*j + c + c = -202. What is the tens digit of j?
4
Let f(p) = -74*p - 7. Let x be f(1). Let o = -64 - x. What is the units digit of o?
7
What is the hundreds digit of 45/9*592/5?
5
What is the hundreds digit of (-61)/((5/35)/(-1))?
4
Let k = -215 - -613. What is the units digit of k?
8
Let l be 5 + -1 + 10 + -10. What is the tens digit of ((-21)/(-6))/7 + 338/l?
8
Suppose -11*z = -694 - 318. What is the units digit of z?
2
Suppose -7*f = d - 3*f - 380, -1900 = -5*d - f. What is the tens digit of d?
8
Suppose -5*y - 542 = -6*y + 5*a, -2*y = a - 1117. What is the hundreds digit of y?
5
Suppose -3*a + 2*s + 6853 = 0, -3*a + 6*a = 5*s + 6868. What is the tens digit of a?
8
Let t(m) = -16*m. Let b be t(-1). Let v be (b/6)/((-6)/(-171)). Suppose -z - 3*z = -v. What is the units digit of z?
9
Suppose -138 = -s - 42. Let g = 124 - s. What is the units digit of g?
8
Let w(q) = 3*q**2 + 3. What is the tens digit of w(-10)?
0
Let l(f) = 7*f - 2*f + 71 - 13*f. What is the hundreds digit of l(-14)?
1
Let g = 2283 + -1612. What is the units digit of g?
1
Suppose 2*i + 5 - 9 = 0. Suppose 9 = 3*x, -k + 3*x - i*x = 0. What is the units digit of k?
3
What is the tens digit of 12820/(-4)*28/(-28)?
0
Let d(m) be the third derivative of m**5/20 - m**4/8 - m**3/3 + 7*m**2. Let y = 37 - 32. What is the tens digit of d(y)?
5
Suppose -2*n = -5*n. Suppose 5*p + 7 - 217 = n. Suppose 0 = 2*r - 6, 5*r + 137 = 5*y + p. What is the units digit of y?
2
What is the thousands digit of -8*(20/(-8))/5 + 1063?
1
Suppose 0 = 20*h - 5*h - 13920. What is the units digit of h?
8
Let c(o) be the first derivative of 7*o**2/2 + 12*o - 11. What is the units digit of c(10)?
2
Suppose 0 = 24*q - 16*q - 1208. What is the tens digit of q?
5
Let v = 5 + -6. Let f be (-18)/(-2) + (-2 - v). Let s = f - -6. What is the tens digit of s?
1
Suppose -302*i = -301*i + g - 711, 0 = -5*i - g + 3559. What is the hundreds digit of i?
7
What is the hundreds digit of (686/42 + -17)/((-4)/1422)?
2
Let y(b) = -3*b + 5. Let w be y(6). Let z = w - -4. Let f(v) = v**3 + 8*v**2 - 12*v + 2. What is the tens digit of f(z)?
2
Suppose 0 = 3*f - 2*f + 4*i - 2384, -f = 5*i - 2380. What is the units digit of f?
0
Let j(g) be the second derivative of -g**6/360 - g**5/20 + g**4/4 + 5*g. Let f(v) be the third derivative of j(v). What is the tens digit of f(-8)?
1
Let d(o) = -o**3 + 17*o**2 + 7*o - 32. What is the hundreds digit of d(16)?
3
Suppose 0 = -13*k + 8*k + 2175. What is the hundreds digit of k?
4
Suppose -3*p + 61*a - 59*a + 5772 = 0, -2*a = -4*p + 7694. What is the thousands digit of p?
1
Suppose -3*s = 26 - 248. Suppose 2*z - s = 50. What is the units digit of z?
2
Suppose 0 = 3*x + 2*l - 44 - 18, -5*x + 3*l = -97. Suppose 5*b = -3*s + 124, -3*b + s = -2*b - x. What is the units digit of b?
3
Suppose 0*d = 2*d + 160. Let q = d - -124. What is the units digit of q?
4
Let w(z) = z**3 + 5*z**2 + 7. Let i be w(-5). Suppose -3*h = -i*h + 8. Suppose -2 = h*n, 3*m = n + n + 113. What is the units digit of m?
7
Let n(r) = 507*r**2 - 3*r + 3. What is the units digit of n(1)?
7
Let c(b) = b**3 + 4*b**2 - b - 2. Let i be c(-4). Suppose -g = -i - 2. Let d = g + -3. What is the units digit of d?
1
Let p = -556 - -916. What is the units digit of p?
0
Let a be ((-4)/10)/((-9)/900). Suppose i - a = 3*i. What is the tens digit of ((-10)/i)/((-1)/(-24))?
1
Let j = -5 + 8. Suppose -t = 5*c - 45, 7 + j = -5*c. What is the tens digit of t?
5
Let h = 120 + -123. Let p(s) = -68*s - 12. What is the tens digit of p(h)?
9
Suppose 0 = 2*u + 3 + 5, -u = -2*c - 218. Let y = c - -259. What is the hundreds digit of y?
1
Suppose -4*g = 5 + 51. Let h(l) = -5*l + 2. Let q be h(g). Suppose 42 - 6 = j - 3*c, c - q = -2*j. What is the units digit of j?
6
Let y = -1878 - -1886. Let b(j) = 6*j + 4. Let m be b(5). Suppose -t + m = y. What is the tens digit of t?
2
Suppose -2*s + 3*n + 221 = 2*n, 2*s - 5*n - 217 = 0. Let o = 4 + s. What is the hundreds digit of o?
1
Let l = -22 + 110. Let b = l + -4. What is the tens digit of b?
8
Let u = -48 - -61. Suppose u*v - 146 = 12*v. What is the tens digit of v?
4
Let f(q) = 3*q**2 + 8*q - 9. Let x be f(7). Let h be x/4 - 3/(-2). Suppose 0 = -n + y + h, -25 = -5*n - 3*y + 225. What is the units digit of n?
0
Let f be (1/((-3)/(-282)*-1))/(-2). Let j = f - -167. What is the hundreds digit of j?
2
Let l = 1 + 39. Let t = l + 8. Let p = 27 + t. What is the units digit of p?
5
Suppose 0 = -0*j + 4*j + 116. Let h be ((-3)/(-1))/((-6)/(-134)). Let n = h + j. What is the units digit of n?
8
Suppose 0 = 5*r - 4*k + k + 10, -15 = -r + 4*k. Let n be r/(3 + 2) + 3. Suppose 26 = n*d + 6. What is the tens digit of d?
1
Let u be 2/(12/(-951)) + (-1)/(-2). What is the tens digit of (12/8)/(-3)*u?
7
Suppose -39337 = -35*x - 10602. What is the hundreds digit of x?
8
Suppose -10*w + 4113 = 3*k - 8*w, 5*k = 2*w + 6839. What is the units digit of k?
9
Suppose 4*z - 2*p = 9*z - 534, -p - 3 = 0. What is the hundreds digit of z?
1
Let k(t) = t**3 + 10*t**2 - 12*t - 9. Let j be k(-11). Let o(p) = -p**3 + 2*p**2 + 3*p - 5. What is the units digit of o(j)?
1
Let f = -1 + 0. What is the units digit of f/(-3) + (-512)/(-12)?
3
Let o be (15 - -25) + (-1 - -2). Let n = o - -47. What is the units digit of n?
8
Suppose 0 = -2*y + 2*b + 428, 1062 = 5*y + 2*b + b. What is the tens digit of y?
1
Suppose -